{"id":709,"date":"2025-02-28T13:21:06","date_gmt":"2025-02-28T12:21:06","guid":{"rendered":"https:\/\/ferienwohnung-grancanaria.com\/de\/?page_id=709"},"modified":"2025-06-27T17:13:39","modified_gmt":"2025-06-27T15:13:39","slug":"allgemeine-geschaeftsbedingungen","status":"publish","type":"page","link":"https:\/\/ferienwohnung-grancanaria.com\/es\/allgemeine-geschaeftsbedingungen\/","title":{"rendered":"Allgemeine Gesch\u00e4ftsbedingungen"},"content":{"rendered":"\n<div class=\"wp-block-group alignfull has-background-background-color has-background has-global-padding is-layout-constrained wp-block-group-is-layout-constrained\" style=\"margin-top:0;margin-bottom:0;padding-top:0;padding-bottom:0\">\n<div class=\"wp-block-cover alignfull\" style=\"padding-top:0;padding-right:var(--wp--preset--spacing--30);padding-bottom:0;padding-left:var(--wp--preset--spacing--30);min-height:50px;aspect-ratio:unset;\"><img loading=\"lazy\" decoding=\"async\" width=\"1024\" height=\"683\" class=\"wp-block-cover__image-background wp-image-419 size-large\" alt=\"\" src=\"https:\/\/ferienwohnung-grancanaria.com\/wp-content\/uploads\/2024\/09\/IMG_3702-1024x683.jpg\" data-object-fit=\"cover\" srcset=\"https:\/\/ferienwohnung-grancanaria.com\/wp-content\/uploads\/2024\/09\/IMG_3702-1024x683.jpg 1024w, https:\/\/ferienwohnung-grancanaria.com\/wp-content\/uploads\/2024\/09\/IMG_3702-300x200.jpg 300w, https:\/\/ferienwohnung-grancanaria.com\/wp-content\/uploads\/2024\/09\/IMG_3702-150x100.jpg 150w, https:\/\/ferienwohnung-grancanaria.com\/wp-content\/uploads\/2024\/09\/IMG_3702-768x512.jpg 768w, https:\/\/ferienwohnung-grancanaria.com\/wp-content\/uploads\/2024\/09\/IMG_3702-1536x1024.jpg 1536w, https:\/\/ferienwohnung-grancanaria.com\/wp-content\/uploads\/2024\/09\/IMG_3702-2048x1365.jpg 2048w\" sizes=\"auto, (max-width: 1024px) 100vw, 1024px\" \/><span aria-hidden=\"true\" class=\"wp-block-cover__background has-black-background-color has-background-dim-60 has-background-dim\"><\/span><div class=\"wp-block-cover__inner-container is-layout-flow wp-block-cover-is-layout-flow\">\n<div class=\"wp-block-group has-global-padding is-layout-constrained wp-block-group-is-layout-constrained\" style=\"padding-top:var(--wp--preset--spacing--60);padding-bottom:var(--wp--preset--spacing--60)\">\n<h1 class=\"wp-block-heading alignwide has-text-align-left has-text-color has-x-large-font-size\" style=\"color:#fffffffc\">T\u00e9rminos y condiciones<\/h1>\n<\/div>\n<\/div><\/div>\n<\/div>\n\n\n\n<div class=\"wp-block-group alignfull has-tertiary-background-color has-background has-global-padding is-layout-constrained wp-container-core-group-is-layout-7276a2bb wp-block-group-is-layout-constrained\" style=\"margin-top:0;margin-bottom:0;padding-top:var(--wp--preset--spacing--60);padding-right:var(--wp--preset--spacing--30);padding-bottom:var(--wp--preset--spacing--60);padding-left:var(--wp--preset--spacing--30)\">\n<div class=\"wp-block-columns alignwide is-layout-flex wp-container-core-columns-is-layout-47c06fe3 wp-block-columns-is-layout-flex\">\n<div class=\"wp-block-column is-layout-flow wp-container-core-column-is-layout-19eabfb7 wp-block-column-is-layout-flow\" style=\"flex-basis:100%\">\n<pre class=\"wp-block-verse\"><strong>\u00a7 1 \u00c1mbito de aplicaci\u00f3n<br><\/strong>Estas Condiciones Generales de Contrataci\u00f3n (CGC) regulan la relaci\u00f3n de arrendamiento entre el arrendador y el inquilino del apartamento de vacaciones \u201cGran Canaria en Monse\u00f1or\u201d, Calle Petrel 4, 35138 Mog\u00e1n, Las Palmas, Espa\u00f1a. La reserva se realiza exclusivamente mediante reserva directa con el arrendador. Una reserva solo ser\u00e1 vinculante una vez se haya realizado el pago del dep\u00f3sito.<br><br><strong>\u00a7 2 Conformaci\u00f3n del contrato<br><\/strong>Con la solicitud de reserva, el inquilino hace una oferta vinculante. El contrato de arrendamiento se perfeccionar\u00e1 una vez el arrendador haya confirmado la reserva y recibido el dep\u00f3sito.<br><br><strong>\u00a7 3 Modalidades de pago<br><\/strong>\t1.\tUn dep\u00f3sito del 50 % del precio del alquiler debe ser abonado por transferencia bancaria dentro de los 7 d\u00edas siguientes a la confirmaci\u00f3n de la reserva. La reserva solo se considera vinculante una vez recibido este pago.<br>\t2.\tEl saldo restante debe ser transferido a la cuenta del arrendador a m\u00e1s tardar 14 d\u00edas antes del inicio del alquiler.<br>\t3.\tSi la reserva se realiza con menos de 14 d\u00edas de antelaci\u00f3n a la llegada, el precio total del alquiler es inmediatamente exigible.<br>\t4.\tSi el inquilino incurre en mora con el pago, el arrendador tiene derecho a rescindir el contrato de arrendamiento sin previo aviso y volver a alquilar la propiedad. En este caso, se aplicar\u00e1n las condiciones de cancelaci\u00f3n indicadas m\u00e1s abajo.<br><br><strong>\u00a7 4 Cancelaci\u00f3n y desistimiento<br><\/strong>\t1.\tEl desistimiento del contrato de arrendamiento debe realizarse por escrito.<br>\t2.\tSe aplicar\u00e1n las siguientes tarifas de cancelaci\u00f3n:<br>\t\u2022\tM\u00e1s de 35 d\u00edas antes del inicio del alquiler: gratis<br>\t\u2022\tDe 21 a 35 d\u00edas antes del inicio del alquiler: 25 % del precio del alquiler<br>\t\u2022\tDe 14 a 21 d\u00edas antes del inicio del alquiler: 50 % del precio del alquiler<br>\t\u2022\tMenos de 14 d\u00edas antes del inicio del alquiler o no presentaci\u00f3n: 100 % del precio del alquiler<br>\t3.\tLas tarifas de cancelaci\u00f3n solo ser\u00e1n exigibles si no es posible volver a alquilar la propiedad. El arrendador har\u00e1 esfuerzos por alquilar la propiedad a un inquilino sustituto.<br>\t4.\tEl inquilino puede sugerir un arrendatario sustituto. El arrendador podr\u00e1 rechazarlo si existen dudas fundadas sobre su capacidad de pago o fiabilidad.<br><br><strong>\u00a7 5 Duraci\u00f3n del alquiler, llegada y salida<br><\/strong>\t1.\tEl apartamento estar\u00e1 disponible a partir de las 15:00 horas el d\u00eda de la llegada.<br>\t2.\tEl check-in se realiza sin contacto a trav\u00e9s de una caja de llaves.<br>\t3.\tEl d\u00eda de salida, el apartamento debe ser dejado limpio hasta las 11:00 horas y la llave principal debe ser colocada nuevamente en la caja de llaves.<br><br><strong>\u00a7 6 Uso del apartamento de vacaciones<br><\/strong>\t1.\tEl apartamento de vacaciones es una propiedad para no fumadores. Fumar solo est\u00e1 permitido en la terraza.<br>\t2.\tNo se permiten mascotas.<br>\t3.\tEl apartamento solo puede ser utilizado por el n\u00famero m\u00e1ximo de personas indicado en la reserva.<br>\t4.\tEl uso de las instalaciones comunes (piscinas, pista de tenis, ping-pong, etc.) est\u00e1 permitido durante la estancia.<br><br><strong>\u00a7 7 Obligaciones del inquilino<br><\/strong>\t1.\tEl inquilino se compromete a tratar el apartamento con cuidado.<br>\t2.\tCualquier da\u00f1o o defecto debe ser informado al arrendador inmediatamente. Otras medidas deben ser discutidas con el arrendador.<br>\t3.\tEl inquilino es responsable de los da\u00f1os causados por \u00e9l o sus acompa\u00f1antes. El desgaste normal no se considera da\u00f1o.<br><br><strong>\u00a7 8 Responsabilidad del arrendador<br><\/strong>\t1.\tEl arrendador no ser\u00e1 responsable por casos de fuerza mayor (por ejemplo, cortes de electricidad, desastres naturales, fallos de wifi).<br>\t2.\tEl arrendador no se hace responsable de los objetos personales del inquilino.<br>\t3.\tNo obstante, el arrendador ser\u00e1 responsable en caso de negligencia grave o culpa intencionada.<br><br><strong>\u00a7 9 Modificaciones del contrato y disposiciones finales<br><\/strong>\t1.\tCualquier modificaci\u00f3n o adici\u00f3n a este contrato debe realizarse por escrito.<br>\t2.\tSi alguna de las cl\u00e1usulas de estas CGC es inv\u00e1lida, la validez de las dem\u00e1s disposiciones no se ver\u00e1 afectada.<br>\t3.\tSe aplicar\u00e1 la legislaci\u00f3n alemana. En la medida en que sea legalmente posible, la jurisdicci\u00f3n ser\u00e1 el lugar de residencia del arrendador.<\/pre>\n<\/div>\n<\/div>\n<\/div>\n","protected":false},"excerpt":{"rendered":"<p>\u00a7 1 \u00c1mbito de aplicaci\u00f3nEstas Condiciones Generales de Contrataci\u00f3n (CGC) regulan la relaci\u00f3n de arrendamiento entre el arrendador y el inquilino del apartamento de vacaciones \u201cGran Canaria en Monse\u00f1or\u201d, Calle Petrel 4, 35138 Mog\u00e1n, Las Palmas, Espa\u00f1a. La reserva se realiza exclusivamente mediante reserva directa con el arrendador. Una reserva solo ser\u00e1 vinculante una vez [&hellip;]<\/p>\n","protected":false},"author":2,"featured_media":0,"parent":0,"menu_order":0,"comment_status":"closed","ping_status":"closed","template":"no-title","meta":{"pgc_sgb_lightbox_settings":"","footnotes":""},"class_list":["post-709","page","type-page","status-publish","hentry"],"aioseo_notices":[],"_links":{"self":[{"href":"https:\/\/ferienwohnung-grancanaria.com\/es\/wp-json\/wp\/v2\/pages\/709","targetHints":{"allow":["GET"]}}],"collection":[{"href":"https:\/\/ferienwohnung-grancanaria.com\/es\/wp-json\/wp\/v2\/pages"}],"about":[{"href":"https:\/\/ferienwohnung-grancanaria.com\/es\/wp-json\/wp\/v2\/types\/page"}],"author":[{"embeddable":true,"href":"https:\/\/ferienwohnung-grancanaria.com\/es\/wp-json\/wp\/v2\/users\/2"}],"replies":[{"embeddable":true,"href":"https:\/\/ferienwohnung-grancanaria.com\/es\/wp-json\/wp\/v2\/comments?post=709"}],"version-history":[{"count":6,"href":"https:\/\/ferienwohnung-grancanaria.com\/es\/wp-json\/wp\/v2\/pages\/709\/revisions"}],"predecessor-version":[{"id":1021,"href":"https:\/\/ferienwohnung-grancanaria.com\/es\/wp-json\/wp\/v2\/pages\/709\/revisions\/1021"}],"wp:attachment":[{"href":"https:\/\/ferienwohnung-grancanaria.com\/es\/wp-json\/wp\/v2\/media?parent=709"}],"curies":[{"name":"wp","href":"https:\/\/api.w.org\/{rel}","templated":true}]}}

Allgemeine Geschäftsbedingungen

<div class="wp-block-group alignfull has-background-background-color has-background has-global-padding is-layout-constrained wp-block-group-is-layout-constrained" style="margin-top:0;margin-bottom:0;padding-top:0;padding-bottom:0">
<div class="wp-block-cover alignfull" style="padding-top:0;padding-right:var(--wp--preset--spacing--30);padding-bottom:0;padding-left:var(--wp--preset--spacing--30);min-height:50px;aspect-ratio:unset;"><img loading="lazy" decoding="async" width="1024" height="683" class="wp-block-cover__image-background wp-image-419 size-large" alt="" src="https://ferienwohnung-grancanaria.com/wp-content/uploads/2024/09/IMG_3702-1024x683.jpg" data-object-fit="cover" srcset="https://ferienwohnung-grancanaria.com/wp-content/uploads/2024/09/IMG_3702-1024x683.jpg 1024w, https://ferienwohnung-grancanaria.com/wp-content/uploads/2024/09/IMG_3702-300x200.jpg 300w, https://ferienwohnung-grancanaria.com/wp-content/uploads/2024/09/IMG_3702-150x100.jpg 150w, https://ferienwohnung-grancanaria.com/wp-content/uploads/2024/09/IMG_3702-768x512.jpg 768w, https://ferienwohnung-grancanaria.com/wp-content/uploads/2024/09/IMG_3702-1536x1024.jpg 1536w, https://ferienwohnung-grancanaria.com/wp-content/uploads/2024/09/IMG_3702-2048x1365.jpg 2048w" sizes="auto, (max-width: 1024px) 100vw, 1024px" /><span aria-hidden="true" class="wp-block-cover__background has-black-background-color has-background-dim-60 has-background-dim"></span><div class="wp-block-cover__inner-container is-layout-flow wp-block-cover-is-layout-flow">
<div class="wp-block-group has-global-padding is-layout-constrained wp-block-group-is-layout-constrained" style="padding-top:var(--wp--preset--spacing--60);padding-bottom:var(--wp--preset--spacing--60)">
<h1 class="wp-block-heading alignwide has-text-align-left has-text-color has-x-large-font-size" style="color:#fffffffc">Términos y condiciones</h1>
</div>
</div></div>
</div>



<div class="wp-block-group alignfull has-tertiary-background-color has-background has-global-padding is-layout-constrained wp-container-core-group-is-layout-7276a2bb wp-block-group-is-layout-constrained" style="margin-top:0;margin-bottom:0;padding-top:var(--wp--preset--spacing--60);padding-right:var(--wp--preset--spacing--30);padding-bottom:var(--wp--preset--spacing--60);padding-left:var(--wp--preset--spacing--30)">
<div class="wp-block-columns alignwide is-layout-flex wp-container-core-columns-is-layout-47c06fe3 wp-block-columns-is-layout-flex">
<div class="wp-block-column is-layout-flow wp-container-core-column-is-layout-19eabfb7 wp-block-column-is-layout-flow" style="flex-basis:100%">
<pre class="wp-block-verse"><strong>§ 1 Ámbito de aplicación<br></strong>Estas Condiciones Generales de Contratación (CGC) regulan la relación de arrendamiento entre el arrendador y el inquilino del apartamento de vacaciones “Gran Canaria en Monseñor”, Calle Petrel 4, 35138 Mogán, Las Palmas, España. La reserva se realiza exclusivamente mediante reserva directa con el arrendador. Una reserva solo será vinculante una vez se haya realizado el pago del depósito.<br><br><strong>§ 2 Conformación del contrato<br></strong>Con la solicitud de reserva, el inquilino hace una oferta vinculante. El contrato de arrendamiento se perfeccionará una vez el arrendador haya confirmado la reserva y recibido el depósito.<br><br><strong>§ 3 Modalidades de pago<br></strong>	1.	Un depósito del 50 % del precio del alquiler debe ser abonado por transferencia bancaria dentro de los 7 días siguientes a la confirmación de la reserva. La reserva solo se considera vinculante una vez recibido este pago.<br>	2.	El saldo restante debe ser transferido a la cuenta del arrendador a más tardar 14 días antes del inicio del alquiler.<br>	3.	Si la reserva se realiza con menos de 14 días de antelación a la llegada, el precio total del alquiler es inmediatamente exigible.<br>	4.	Si el inquilino incurre en mora con el pago, el arrendador tiene derecho a rescindir el contrato de arrendamiento sin previo aviso y volver a alquilar la propiedad. En este caso, se aplicarán las condiciones de cancelación indicadas más abajo.<br><br><strong>§ 4 Cancelación y desistimiento<br></strong>	1.	El desistimiento del contrato de arrendamiento debe realizarse por escrito.<br>	2.	Se aplicarán las siguientes tarifas de cancelación:<br>	•	Más de 35 días antes del inicio del alquiler: gratis<br>	•	De 21 a 35 días antes del inicio del alquiler: 25 % del precio del alquiler<br>	•	De 14 a 21 días antes del inicio del alquiler: 50 % del precio del alquiler<br>	•	Menos de 14 días antes del inicio del alquiler o no presentación: 100 % del precio del alquiler<br>	3.	Las tarifas de cancelación solo serán exigibles si no es posible volver a alquilar la propiedad. El arrendador hará esfuerzos por alquilar la propiedad a un inquilino sustituto.<br>	4.	El inquilino puede sugerir un arrendatario sustituto. El arrendador podrá rechazarlo si existen dudas fundadas sobre su capacidad de pago o fiabilidad.<br><br><strong>§ 5 Duración del alquiler, llegada y salida<br></strong>	1.	El apartamento estará disponible a partir de las 15:00 horas el día de la llegada.<br>	2.	El check-in se realiza sin contacto a través de una caja de llaves.<br>	3.	El día de salida, el apartamento debe ser dejado limpio hasta las 11:00 horas y la llave principal debe ser colocada nuevamente en la caja de llaves.<br><br><strong>§ 6 Uso del apartamento de vacaciones<br></strong>	1.	El apartamento de vacaciones es una propiedad para no fumadores. Fumar solo está permitido en la terraza.<br>	2.	No se permiten mascotas.<br>	3.	El apartamento solo puede ser utilizado por el número máximo de personas indicado en la reserva.<br>	4.	El uso de las instalaciones comunes (piscinas, pista de tenis, ping-pong, etc.) está permitido durante la estancia.<br><br><strong>§ 7 Obligaciones del inquilino<br></strong>	1.	El inquilino se compromete a tratar el apartamento con cuidado.<br>	2.	Cualquier daño o defecto debe ser informado al arrendador inmediatamente. Otras medidas deben ser discutidas con el arrendador.<br>	3.	El inquilino es responsable de los daños causados por él o sus acompañantes. El desgaste normal no se considera daño.<br><br><strong>§ 8 Responsabilidad del arrendador<br></strong>	1.	El arrendador no será responsable por casos de fuerza mayor (por ejemplo, cortes de electricidad, desastres naturales, fallos de wifi).<br>	2.	El arrendador no se hace responsable de los objetos personales del inquilino.<br>	3.	No obstante, el arrendador será responsable en caso de negligencia grave o culpa intencionada.<br><br><strong>§ 9 Modificaciones del contrato y disposiciones finales<br></strong>	1.	Cualquier modificación o adición a este contrato debe realizarse por escrito.<br>	2.	Si alguna de las cláusulas de estas CGC es inválida, la validez de las demás disposiciones no se verá afectada.<br>	3.	Se aplicará la legislación alemana. En la medida en que sea legalmente posible, la jurisdicción será el lugar de residencia del arrendador.</pre>
</div>
</div>
</div>

<p>§ 1 Ámbito de aplicaciónEstas Condiciones Generales de Contratación (CGC) regulan la relación de arrendamiento entre el arrendador y el inquilino del apartamento de vacaciones “Gran Canaria en Monseñor”, Calle Petrel 4, 35138 Mogán, Las Palmas, España. La reserva se realiza exclusivamente mediante reserva directa con el arrendador. Una reserva solo será vinculante una vez [&hellip;]</p>
