{"id":16,"date":"2024-08-09T13:42:58","date_gmt":"2024-08-09T13:42:58","guid":{"rendered":"https:\/\/ferienwohnung-grancanaria.com\/faq\/"},"modified":"2025-06-01T14:46:26","modified_gmt":"2025-06-01T12:46:26","slug":"faq","status":"publish","type":"page","link":"https:\/\/ferienwohnung-grancanaria.com\/es\/faq\/","title":{"rendered":"FAQ"},"content":{"rendered":"\n<div class=\"wp-block-group alignfull has-background-background-color has-background has-global-padding is-layout-constrained wp-block-group-is-layout-constrained\" style=\"margin-top:0;margin-bottom:0;padding-top:0;padding-bottom:0\">\n<div class=\"wp-block-cover alignfull\" style=\"padding-top:0;padding-right:var(--wp--preset--spacing--30);padding-bottom:0;padding-left:var(--wp--preset--spacing--30);min-height:50px;aspect-ratio:unset;\"><img loading=\"lazy\" decoding=\"async\" width=\"1024\" height=\"577\" class=\"wp-block-cover__image-background wp-image-976 size-large\" alt=\"\" src=\"https:\/\/ferienwohnung-grancanaria.com\/wp-content\/uploads\/2025\/06\/20250422_151841-1024x577.jpg\" data-object-fit=\"cover\" srcset=\"https:\/\/ferienwohnung-grancanaria.com\/wp-content\/uploads\/2025\/06\/20250422_151841-1024x577.jpg 1024w, https:\/\/ferienwohnung-grancanaria.com\/wp-content\/uploads\/2025\/06\/20250422_151841-300x169.jpg 300w, https:\/\/ferienwohnung-grancanaria.com\/wp-content\/uploads\/2025\/06\/20250422_151841-150x84.jpg 150w, https:\/\/ferienwohnung-grancanaria.com\/wp-content\/uploads\/2025\/06\/20250422_151841-768x432.jpg 768w, https:\/\/ferienwohnung-grancanaria.com\/wp-content\/uploads\/2025\/06\/20250422_151841-1536x865.jpg 1536w, https:\/\/ferienwohnung-grancanaria.com\/wp-content\/uploads\/2025\/06\/20250422_151841-2048x1153.jpg 2048w\" sizes=\"auto, (max-width: 1024px) 100vw, 1024px\" \/><span aria-hidden=\"true\" class=\"wp-block-cover__background has-black-background-color has-background-dim-60 has-background-dim\"><\/span><div class=\"wp-block-cover__inner-container is-layout-flow wp-block-cover-is-layout-flow\">\n<div class=\"wp-block-group has-global-padding is-layout-constrained wp-block-group-is-layout-constrained\" style=\"padding-top:var(--wp--preset--spacing--60);padding-bottom:var(--wp--preset--spacing--60)\">\n<h1 class=\"wp-block-heading alignwide has-text-align-left has-text-color has-x-large-font-size\" style=\"color:#fffffffc\">Preguntas frecuentes<\/h1>\n<\/div>\n<\/div><\/div>\n<\/div>\n\n\n\n<div class=\"wp-block-group alignfull has-tertiary-background-color has-background has-global-padding is-layout-constrained wp-container-core-group-is-layout-7276a2bb wp-block-group-is-layout-constrained\" style=\"margin-top:0;margin-bottom:0;padding-top:var(--wp--preset--spacing--60);padding-right:var(--wp--preset--spacing--30);padding-bottom:var(--wp--preset--spacing--60);padding-left:var(--wp--preset--spacing--30)\">\n<div class=\"wp-block-columns alignwide is-layout-flex wp-container-core-columns-is-layout-714d85e9 wp-block-columns-is-layout-flex\">\n<div class=\"wp-block-column is-layout-flow wp-block-column-is-layout-flow\" style=\"flex-basis:33.33%\">\n<h2 class=\"wp-block-heading has-text-align-left has-large-font-size\">\u00bfC\u00f3mo podemos ayudarle?<\/h2>\n\n\n\n<p class=\"has-text-align-left\" style=\"margin-top:16px\">Descubra todo sobre sus inolvidables vacaciones en Gran Canaria: desde nuestro moderno apartamento vacacional en un entorno impresionante hasta nuestras instalaciones de primera calidad para una experiencia incomparable.<\/p>\n\n\n\n<p>Si tiene m\u00e1s preguntas, no dude en contactarnos.<\/p>\n\n\n\n<p><a href=\"mailto:info@ferienwohnung-grancanaria.com\" target=\"_blank\" rel=\"noopener\" title=\"\">info@ferienwohnung-grancanaria.com<\/a><\/p>\n\n\n\n<p><\/p>\n\n\n\n<div class=\"wp-block-buttons is-content-justification-left is-layout-flex wp-container-core-buttons-is-layout-ec155617 wp-block-buttons-is-layout-flex\" style=\"margin-top:var(--wp--preset--spacing--40)\">\n<div class=\"wp-block-button\"><a class=\"wp-block-button__link wp-element-button\" href=\"\/buchung\">Reserve ahora<\/a><\/div>\n<\/div>\n<\/div>\n\n\n\n<div class=\"wp-block-column is-layout-flow wp-block-column-is-layout-flow\" style=\"flex-basis:66.66%\">\n<div class=\"wp-block-group is-layout-flow wp-block-group-is-layout-flow\" style=\"border-bottom-color:var(--wp--preset--color--tertiary);border-bottom-width:1px;margin-top:0;padding-top:0;padding-bottom:var(--wp--preset--spacing--30)\">\n<h4 class=\"wp-block-heading has-medium-font-size\">\u00bfC\u00f3mo llegar al apartamento?<\/h4>\n\n\n\n<p class=\"has-small-font-size\" style=\"margin-top:12px\">A 200 metros de distancia se encuentra la parada de autob\u00fas (Playa del Cura). Las l\u00edneas de autob\u00fas 91 y 90 van \/ vienen del aeropuerto LPA todos los d\u00edas de 6 a 21 horas (billete sencillo 6,35\u20ac), por favor inf\u00f3rmese previamente. Alternativamente, puede llegar c\u00f3modamente a nuestro alojamiento en coche de alquiler o taxi (aproximadamente 35 minutos).<\/p>\n\n\n\n<p class=\"has-small-font-size\" style=\"margin-top:12px\">Direcci\u00f3n: <a href=\"https:\/\/maps.app.goo.gl\/aq4TYHhE1q7o3btx5\" target=\"_blank\" rel=\"noopener\" title=\"\">C. Petrel 4, 35138 Mog\u00e1n, Las Palmas, Spanien<\/a><\/p>\n\n\n\n<h4 class=\"wp-block-heading has-medium-font-size\">\u00bfQu\u00e9 tipo de alojamiento ofrecemos?<\/h4>\n\n\n\n<p class=\"has-small-font-size\" style=\"margin-top:12px\">Ofrecemos un apartamento vacacional \u00fanico y completamente equipado para 1-4 personas. Si es necesario, se puede proporcionar una cuna para beb\u00e9s y una silla alta.<\/p>\n<\/div>\n\n\n\n<div class=\"wp-block-group is-layout-flow wp-block-group-is-layout-flow\" style=\"border-bottom-color:var(--wp--preset--color--tertiary);border-bottom-width:1px;margin-top:0;padding-top:var(--wp--preset--spacing--30);padding-bottom:var(--wp--preset--spacing--30)\">\n<h4 class=\"wp-block-heading has-medium-font-size\">\u00bfHay comodidades especiales en el apartamento?<\/h4>\n\n\n\n<p class=\"has-small-font-size\" style=\"margin-top:12px\">S\u00ed, nuestro apartamento ofrece comodidades exclusivas para su confort. Adem\u00e1s del aire acondicionado, le proporcionamos una conexi\u00f3n de fibra \u00f3ptica de 408 Mbp\/s con Wi-Fi y un televisor inteligente internacional. La cocina est\u00e1 completamente equipada con lavavajillas, frigor\u00edfico con congelador, hervidor de agua, cafetera, m\u00e1quina de c\u00e1psulas, tostadora, microondas, placa de inducci\u00f3n y horno, todo lo necesario para su comodidad. En el ba\u00f1o encontrar\u00e1 una ducha espaciosa, una lavadora y un secador de pelo. Tambi\u00e9n ofrecemos estacionamiento gratuito.<\/p>\n<\/div>\n\n\n\n<div class=\"wp-block-group is-layout-flow wp-block-group-is-layout-flow\" style=\"border-bottom-color:var(--wp--preset--color--tertiary);border-bottom-width:1px;margin-top:0;padding-top:var(--wp--preset--spacing--30);padding-bottom:var(--wp--preset--spacing--30)\">\n<h4 class=\"wp-block-heading has-medium-font-size\">\u00bfCu\u00e1les son las reglas de la casa?<\/h4>\n\n\n\n<ul class=\"wp-block-list\">\n<li class=\"has-small-font-size\">Horarios de descanso de 22:00 a 08:00<\/li>\n\n\n\n<li class=\"has-small-font-size\">Toda el \u00e1rea exterior del complejo es una zona para no fumadores<\/li>\n\n\n\n<li class=\"has-small-font-size\">Todo el interior del apartamento es una zona para no fumadores<\/li>\n\n\n\n<li class=\"has-small-font-size\">No se permiten mascotas<\/li>\n\n\n\n<li class=\"has-small-font-size\">No se permiten fiestas ni eventos<\/li>\n<\/ul>\n<\/div>\n\n\n\n<div class=\"wp-block-group is-layout-flow wp-block-group-is-layout-flow\" style=\"border-bottom-color:var(--wp--preset--color--tertiary);border-bottom-width:1px;margin-top:0;padding-top:var(--wp--preset--spacing--30);padding-bottom:var(--wp--preset--spacing--30)\">\n<h4 class=\"wp-block-heading has-medium-font-size\"><strong>\u00bfQu\u00e9 necesito para mi d\u00eda en la playa?<\/strong><\/h4>\n\n\n\n<p class=\"has-small-font-size\" style=\"margin-top:12px\">Hemos preparado para usted una sombrilla, una caja frigor\u00edfica, toallas de playa y una peque\u00f1a selecci\u00f3n de juguetes para jugar en la arena, entre otros.<\/p>\n<\/div>\n\n\n\n<div class=\"wp-block-group is-layout-flow wp-block-group-is-layout-flow\" style=\"border-bottom-color:var(--wp--preset--color--tertiary);border-bottom-width:1px;margin-top:0;padding-top:var(--wp--preset--spacing--30);padding-bottom:var(--wp--preset--spacing--30)\">\n<h4 class=\"wp-block-heading has-medium-font-size\">\u00bfC\u00f3mo funciona el check-in \/ check-out?<\/h4>\n\n\n\n<p class=\"has-small-font-size\" style=\"margin-top:12px\">El check-in es a partir de las 15:00 del d\u00eda de llegada y se realiza de forma contactless a trav\u00e9s de una caja de llaves. La ubicaci\u00f3n y el c\u00f3digo se le enviar\u00e1n aproximadamente 48 horas antes de su llegada.<\/p>\n\n\n\n<p class=\"has-small-font-size\" style=\"margin-top:12px\">El check-out debe realizarse hasta las 11:00 del d\u00eda de salida, tambi\u00e9n mediante la caja de llaves.<\/p>\n<\/div>\n\n\n\n<div class=\"wp-block-group is-layout-flow wp-block-group-is-layout-flow\" style=\"margin-top:0;padding-top:var(--wp--preset--spacing--30);padding-bottom:0\">\n<h4 class=\"wp-block-heading has-medium-font-size\">\u00bfQu\u00e9 puedo dejar en casa?<\/h4>\n\n\n\n<p class=\"has-small-font-size\" style=\"margin-top:12px\">Recibir\u00e1 s\u00e1banas, toallas, toallas de playa, secador de pelo, plancha, tabla de planchar y un pa\u00f1o de cocina por nuestra parte.<\/p>\n\n\n\n<h4 class=\"wp-block-heading has-medium-font-size\">\u00bfC\u00f3mo puedo hacer una reserva?<\/h4>\n\n\n\n<p class=\"has-small-font-size\" style=\"margin-top:12px\">Puede hacer una reserva f\u00e1cilmente en l\u00ednea a trav\u00e9s de nuestra p\u00e1gina web o en Airbnb.<\/p>\n<\/div>\n<\/div>\n<\/div>\n\n\n\n<p><\/p>\n<\/div>\n","protected":false},"excerpt":{"rendered":"<p>\u00bfC\u00f3mo podemos ayudarle? Descubra todo sobre sus inolvidables vacaciones en Gran Canaria: desde nuestro moderno apartamento vacacional en un entorno impresionante hasta nuestras instalaciones de primera calidad para una experiencia incomparable. Si tiene m\u00e1s preguntas, no dude en contactarnos. info@ferienwohnung-grancanaria.com \u00bfC\u00f3mo llegar al apartamento? A 200 metros de distancia se encuentra la parada de autob\u00fas [&hellip;]<\/p>\n","protected":false},"author":1,"featured_media":0,"parent":0,"menu_order":0,"comment_status":"closed","ping_status":"closed","template":"no-title","meta":{"pgc_sgb_lightbox_settings":"","footnotes":""},"class_list":["post-16","page","type-page","status-publish","hentry"],"aioseo_notices":[],"_links":{"self":[{"href":"https:\/\/ferienwohnung-grancanaria.com\/es\/wp-json\/wp\/v2\/pages\/16","targetHints":{"allow":["GET"]}}],"collection":[{"href":"https:\/\/ferienwohnung-grancanaria.com\/es\/wp-json\/wp\/v2\/pages"}],"about":[{"href":"https:\/\/ferienwohnung-grancanaria.com\/es\/wp-json\/wp\/v2\/types\/page"}],"author":[{"embeddable":true,"href":"https:\/\/ferienwohnung-grancanaria.com\/es\/wp-json\/wp\/v2\/users\/1"}],"replies":[{"embeddable":true,"href":"https:\/\/ferienwohnung-grancanaria.com\/es\/wp-json\/wp\/v2\/comments?post=16"}],"version-history":[{"count":30,"href":"https:\/\/ferienwohnung-grancanaria.com\/es\/wp-json\/wp\/v2\/pages\/16\/revisions"}],"predecessor-version":[{"id":1009,"href":"https:\/\/ferienwohnung-grancanaria.com\/es\/wp-json\/wp\/v2\/pages\/16\/revisions\/1009"}],"wp:attachment":[{"href":"https:\/\/ferienwohnung-grancanaria.com\/es\/wp-json\/wp\/v2\/media?parent=16"}],"curies":[{"name":"wp","href":"https:\/\/api.w.org\/{rel}","templated":true}]}}

<div class="wp-block-group alignfull has-background-background-color has-background has-global-padding is-layout-constrained wp-block-group-is-layout-constrained" style="margin-top:0;margin-bottom:0;padding-top:0;padding-bottom:0">
<div class="wp-block-cover alignfull" style="padding-top:0;padding-right:var(--wp--preset--spacing--30);padding-bottom:0;padding-left:var(--wp--preset--spacing--30);min-height:50px;aspect-ratio:unset;"><img loading="lazy" decoding="async" width="1024" height="577" class="wp-block-cover__image-background wp-image-976 size-large" alt="" src="https://ferienwohnung-grancanaria.com/wp-content/uploads/2025/06/20250422_151841-1024x577.jpg" data-object-fit="cover" srcset="https://ferienwohnung-grancanaria.com/wp-content/uploads/2025/06/20250422_151841-1024x577.jpg 1024w, https://ferienwohnung-grancanaria.com/wp-content/uploads/2025/06/20250422_151841-300x169.jpg 300w, https://ferienwohnung-grancanaria.com/wp-content/uploads/2025/06/20250422_151841-150x84.jpg 150w, https://ferienwohnung-grancanaria.com/wp-content/uploads/2025/06/20250422_151841-768x432.jpg 768w, https://ferienwohnung-grancanaria.com/wp-content/uploads/2025/06/20250422_151841-1536x865.jpg 1536w, https://ferienwohnung-grancanaria.com/wp-content/uploads/2025/06/20250422_151841-2048x1153.jpg 2048w" sizes="auto, (max-width: 1024px) 100vw, 1024px" /><span aria-hidden="true" class="wp-block-cover__background has-black-background-color has-background-dim-60 has-background-dim"></span><div class="wp-block-cover__inner-container is-layout-flow wp-block-cover-is-layout-flow">
<div class="wp-block-group has-global-padding is-layout-constrained wp-block-group-is-layout-constrained" style="padding-top:var(--wp--preset--spacing--60);padding-bottom:var(--wp--preset--spacing--60)">
<h1 class="wp-block-heading alignwide has-text-align-left has-text-color has-x-large-font-size" style="color:#fffffffc">Preguntas frecuentes</h1>
</div>
</div></div>
</div>



<div class="wp-block-group alignfull has-tertiary-background-color has-background has-global-padding is-layout-constrained wp-container-core-group-is-layout-7276a2bb wp-block-group-is-layout-constrained" style="margin-top:0;margin-bottom:0;padding-top:var(--wp--preset--spacing--60);padding-right:var(--wp--preset--spacing--30);padding-bottom:var(--wp--preset--spacing--60);padding-left:var(--wp--preset--spacing--30)">
<div class="wp-block-columns alignwide is-layout-flex wp-container-core-columns-is-layout-714d85e9 wp-block-columns-is-layout-flex">
<div class="wp-block-column is-layout-flow wp-block-column-is-layout-flow" style="flex-basis:33.33%">
<h2 class="wp-block-heading has-text-align-left has-large-font-size">¿Cómo podemos ayudarle?</h2>



<p class="has-text-align-left" style="margin-top:16px">Descubra todo sobre sus inolvidables vacaciones en Gran Canaria: desde nuestro moderno apartamento vacacional en un entorno impresionante hasta nuestras instalaciones de primera calidad para una experiencia incomparable.</p>



<p>Si tiene más preguntas, no dude en contactarnos.</p>



<p><a href="mailto:info@ferienwohnung-grancanaria.com" target="_blank" rel="noopener" title="">info@ferienwohnung-grancanaria.com</a></p>



<p></p>



<div class="wp-block-buttons is-content-justification-left is-layout-flex wp-container-core-buttons-is-layout-ec155617 wp-block-buttons-is-layout-flex" style="margin-top:var(--wp--preset--spacing--40)">
<div class="wp-block-button"><a class="wp-block-button__link wp-element-button" href="/buchung">Reserve ahora</a></div>
</div>
</div>



<div class="wp-block-column is-layout-flow wp-block-column-is-layout-flow" style="flex-basis:66.66%">
<div class="wp-block-group is-layout-flow wp-block-group-is-layout-flow" style="border-bottom-color:var(--wp--preset--color--tertiary);border-bottom-width:1px;margin-top:0;padding-top:0;padding-bottom:var(--wp--preset--spacing--30)">
<h4 class="wp-block-heading has-medium-font-size">¿Cómo llegar al apartamento?</h4>



<p class="has-small-font-size" style="margin-top:12px">A 200 metros de distancia se encuentra la parada de autobús (Playa del Cura). Las líneas de autobús 91 y 90 van / vienen del aeropuerto LPA todos los días de 6 a 21 horas (billete sencillo 6,35€), por favor infórmese previamente. Alternativamente, puede llegar cómodamente a nuestro alojamiento en coche de alquiler o taxi (aproximadamente 35 minutos).</p>



<p class="has-small-font-size" style="margin-top:12px">Dirección: <a href="https://maps.app.goo.gl/aq4TYHhE1q7o3btx5" target="_blank" rel="noopener" title="">C. Petrel 4, 35138 Mogán, Las Palmas, Spanien</a></p>



<h4 class="wp-block-heading has-medium-font-size">¿Qué tipo de alojamiento ofrecemos?</h4>



<p class="has-small-font-size" style="margin-top:12px">Ofrecemos un apartamento vacacional único y completamente equipado para 1-4 personas. Si es necesario, se puede proporcionar una cuna para bebés y una silla alta.</p>
</div>



<div class="wp-block-group is-layout-flow wp-block-group-is-layout-flow" style="border-bottom-color:var(--wp--preset--color--tertiary);border-bottom-width:1px;margin-top:0;padding-top:var(--wp--preset--spacing--30);padding-bottom:var(--wp--preset--spacing--30)">
<h4 class="wp-block-heading has-medium-font-size">¿Hay comodidades especiales en el apartamento?</h4>



<p class="has-small-font-size" style="margin-top:12px">Sí, nuestro apartamento ofrece comodidades exclusivas para su confort. Además del aire acondicionado, le proporcionamos una conexión de fibra óptica de 408 Mbp/s con Wi-Fi y un televisor inteligente internacional. La cocina está completamente equipada con lavavajillas, frigorífico con congelador, hervidor de agua, cafetera, máquina de cápsulas, tostadora, microondas, placa de inducción y horno, todo lo necesario para su comodidad. En el baño encontrará una ducha espaciosa, una lavadora y un secador de pelo. También ofrecemos estacionamiento gratuito.</p>
</div>



<div class="wp-block-group is-layout-flow wp-block-group-is-layout-flow" style="border-bottom-color:var(--wp--preset--color--tertiary);border-bottom-width:1px;margin-top:0;padding-top:var(--wp--preset--spacing--30);padding-bottom:var(--wp--preset--spacing--30)">
<h4 class="wp-block-heading has-medium-font-size">¿Cuáles son las reglas de la casa?</h4>



<ul class="wp-block-list">
<li class="has-small-font-size">Horarios de descanso de 22:00 a 08:00</li>



<li class="has-small-font-size">Toda el área exterior del complejo es una zona para no fumadores</li>



<li class="has-small-font-size">Todo el interior del apartamento es una zona para no fumadores</li>



<li class="has-small-font-size">No se permiten mascotas</li>



<li class="has-small-font-size">No se permiten fiestas ni eventos</li>
</ul>
</div>



<div class="wp-block-group is-layout-flow wp-block-group-is-layout-flow" style="border-bottom-color:var(--wp--preset--color--tertiary);border-bottom-width:1px;margin-top:0;padding-top:var(--wp--preset--spacing--30);padding-bottom:var(--wp--preset--spacing--30)">
<h4 class="wp-block-heading has-medium-font-size"><strong>¿Qué necesito para mi día en la playa?</strong></h4>



<p class="has-small-font-size" style="margin-top:12px">Hemos preparado para usted una sombrilla, una caja frigorífica, toallas de playa y una pequeña selección de juguetes para jugar en la arena, entre otros.</p>
</div>



<div class="wp-block-group is-layout-flow wp-block-group-is-layout-flow" style="border-bottom-color:var(--wp--preset--color--tertiary);border-bottom-width:1px;margin-top:0;padding-top:var(--wp--preset--spacing--30);padding-bottom:var(--wp--preset--spacing--30)">
<h4 class="wp-block-heading has-medium-font-size">¿Cómo funciona el check-in / check-out?</h4>



<p class="has-small-font-size" style="margin-top:12px">El check-in es a partir de las 15:00 del día de llegada y se realiza de forma contactless a través de una caja de llaves. La ubicación y el código se le enviarán aproximadamente 48 horas antes de su llegada.</p>



<p class="has-small-font-size" style="margin-top:12px">El check-out debe realizarse hasta las 11:00 del día de salida, también mediante la caja de llaves.</p>
</div>



<div class="wp-block-group is-layout-flow wp-block-group-is-layout-flow" style="margin-top:0;padding-top:var(--wp--preset--spacing--30);padding-bottom:0">
<h4 class="wp-block-heading has-medium-font-size">¿Qué puedo dejar en casa?</h4>



<p class="has-small-font-size" style="margin-top:12px">Recibirá sábanas, toallas, toallas de playa, secador de pelo, plancha, tabla de planchar y un paño de cocina por nuestra parte.</p>



<h4 class="wp-block-heading has-medium-font-size">¿Cómo puedo hacer una reserva?</h4>



<p class="has-small-font-size" style="margin-top:12px">Puede hacer una reserva fácilmente en línea a través de nuestra página web o en Airbnb.</p>
</div>
</div>
</div>



<p></p>
</div>

<p>¿Cómo podemos ayudarle? Descubra todo sobre sus inolvidables vacaciones en Gran Canaria: desde nuestro moderno apartamento vacacional en un entorno impresionante hasta nuestras instalaciones de primera calidad para una experiencia incomparable. Si tiene más preguntas, no dude en contactarnos. info@ferienwohnung-grancanaria.com ¿Cómo llegar al apartamento? A 200 metros de distancia se encuentra la parada de autobús [&hellip;]</p>
