{"id":14,"date":"2024-08-09T13:42:57","date_gmt":"2024-08-09T13:42:57","guid":{"rendered":"https:\/\/ferienwohnung-grancanaria.com\/buchung\/"},"modified":"2025-03-20T11:58:51","modified_gmt":"2025-03-20T10:58:51","slug":"buchung","status":"publish","type":"page","link":"https:\/\/ferienwohnung-grancanaria.com\/es\/buchung\/","title":{"rendered":"Buchung"},"content":{"rendered":"\n<div class=\"wp-block-group alignfull has-background-background-color has-background has-global-padding is-layout-constrained wp-block-group-is-layout-constrained\" style=\"margin-top:0;margin-bottom:0;padding-top:0;padding-bottom:0\">\n<div class=\"wp-block-cover alignfull\" style=\"padding-top:0;padding-right:var(--wp--preset--spacing--30);padding-bottom:0;padding-left:var(--wp--preset--spacing--30);min-height:50px;aspect-ratio:unset;\"><span aria-hidden=\"true\" class=\"wp-block-cover__background has-black-background-color has-background-dim-60 has-background-dim\"><\/span><img loading=\"lazy\" decoding=\"async\" width=\"2256\" height=\"1504\" class=\"wp-block-cover__image-background wp-image-480\" alt=\"\" src=\"https:\/\/ferienwohnung-grancanaria.com\/wp-content\/uploads\/2024\/11\/IMG_3677.jpg\" data-object-fit=\"cover\" srcset=\"https:\/\/ferienwohnung-grancanaria.com\/wp-content\/uploads\/2024\/11\/IMG_3677.jpg 2256w, https:\/\/ferienwohnung-grancanaria.com\/wp-content\/uploads\/2024\/11\/IMG_3677-300x200.jpg 300w, https:\/\/ferienwohnung-grancanaria.com\/wp-content\/uploads\/2024\/11\/IMG_3677-1024x683.jpg 1024w, https:\/\/ferienwohnung-grancanaria.com\/wp-content\/uploads\/2024\/11\/IMG_3677-150x100.jpg 150w, https:\/\/ferienwohnung-grancanaria.com\/wp-content\/uploads\/2024\/11\/IMG_3677-768x512.jpg 768w, https:\/\/ferienwohnung-grancanaria.com\/wp-content\/uploads\/2024\/11\/IMG_3677-1536x1024.jpg 1536w, https:\/\/ferienwohnung-grancanaria.com\/wp-content\/uploads\/2024\/11\/IMG_3677-2048x1365.jpg 2048w\" sizes=\"auto, (max-width: 2256px) 100vw, 2256px\" \/><div class=\"wp-block-cover__inner-container is-layout-flow wp-block-cover-is-layout-flow\">\n<div class=\"wp-block-group has-global-padding is-layout-constrained wp-block-group-is-layout-constrained\" style=\"padding-top:var(--wp--preset--spacing--60);padding-bottom:var(--wp--preset--spacing--60)\">\n<h1 class=\"wp-block-heading alignwide has-text-align-left has-text-color has-x-large-font-size\" style=\"color:#fffffffc\">Reserva<\/h1>\n<\/div>\n<\/div><\/div>\n<\/div>\n\n\n\n<div class=\"wp-block-group alignfull has-tertiary-background-color has-background has-global-padding is-layout-constrained wp-container-core-group-is-layout-e452fef1 wp-block-group-is-layout-constrained\" style=\"margin-top:0;margin-bottom:0;padding-top:var(--wp--preset--spacing--50);padding-right:var(--wp--preset--spacing--20);padding-bottom:var(--wp--preset--spacing--50);padding-left:var(--wp--preset--spacing--20)\">\n<div class=\"wp-block-group alignwide is-layout-flow wp-block-group-is-layout-flow\">\n<h2 class=\"wp-block-heading has-text-align-left has-large-font-size\">Reserve ahora sus vacaciones en Gran Canaria!<\/h2>\n\n\n\n<p class=\"has-text-align-left\" style=\"margin-top:16px\">Asegure su alojamiento de ensue\u00f1o en Playa del Cura con solo unos clics.<\/p>\n\n\n\n<p>Env\u00edenos su solicitud de reserva directamente aqu\u00ed o reserve nuestro apartamento a trav\u00e9s de <a href=\"http:\/\/airbnb.de\/h\/Ferienwohnung-grancanaria\" target=\"_blank\" rel=\"noopener\" title=\"\"><strong>airbnb<\/strong><\/a>. <br><strong>Estancia m\u00ednima: 3 noches.<\/strong><br><\/p>\n\n\n\n<\/div>\n<\/div>\n\n\n\n<div class=\"wp-block-group alignfull has-background-background-color has-background has-global-padding is-layout-constrained wp-container-core-group-is-layout-7276a2bb wp-block-group-is-layout-constrained\" style=\"margin-top:0;margin-bottom:0;padding-top:var(--wp--preset--spacing--60);padding-right:var(--wp--preset--spacing--30);padding-bottom:var(--wp--preset--spacing--60);padding-left:var(--wp--preset--spacing--30)\">\n<div class=\"wp-block-group alignwide has-global-padding is-content-justification-left is-layout-constrained wp-container-core-group-is-layout-8b4c372c wp-block-group-is-layout-constrained\">\n<h2 class=\"wp-block-heading has-large-font-size\">Rese\u00f1as de nuestros hu\u00e9spedes<\/h2>\n\n\n\n<p style=\"margin-top:16px\">Lea lo que dicen nuestros hu\u00e9spedes sobre sus experiencias \u00fanicas en nuestro apartamento totalmente equipado. La atenci\u00f3n al detalle y la ubicaci\u00f3n perfecta han encantado a nuestros clientes.<\/p>\n<\/div>\n\n\n\n<div class=\"wp-block-columns alignwide is-layout-flex wp-container-core-columns-is-layout-aee59796 wp-block-columns-is-layout-flex\" style=\"margin-top:32px\">\n<div class=\"wp-block-column has-tertiary-background-color has-background is-layout-flow wp-block-column-is-layout-flow\">\n<div class=\"wp-block-group has-global-padding is-layout-constrained wp-container-core-group-is-layout-24fca791 wp-block-group-is-layout-constrained\" style=\"padding-top:var(--wp--preset--spacing--30);padding-right:24px;padding-bottom:var(--wp--preset--spacing--30);padding-left:24px\">\n<p>Excelente complejo, ubicaci\u00f3n ideal. A poca distancia de la playa, restaurantes y bares.<\/p>\n\n\n\n<div class=\"wp-block-group is-nowrap is-layout-flex wp-container-core-group-is-layout-3b4e9d3e wp-block-group-is-layout-flex\">\n<figure class=\"wp-block-image aligncenter is-style-rounded\"><img loading=\"lazy\" decoding=\"async\" width=\"64\" height=\"64\" src=\"https:\/\/ferienwohnung-grancanaria.com\/wp-content\/uploads\/2024\/08\/4a71f64b1f55758349751a95c02ab73be353f75f.jpg\" alt=\"\" class=\"wp-image-46\" style=\"aspect-ratio:1;object-fit:cover\"\/><\/figure>\n\n\n\n<div class=\"wp-block-group has-global-padding is-layout-constrained wp-block-group-is-layout-constrained\">\n<h4 class=\"wp-block-heading has-text-align-left has-small-font-size\">Sophie B.<\/h4>\n<\/div>\n<\/div>\n<\/div>\n<\/div>\n\n\n\n<div class=\"wp-block-column has-tertiary-background-color has-background is-layout-flow wp-block-column-is-layout-flow\">\n<div class=\"wp-block-group has-global-padding is-layout-constrained wp-container-core-group-is-layout-24fca791 wp-block-group-is-layout-constrained\" style=\"padding-top:var(--wp--preset--spacing--30);padding-right:24px;padding-bottom:var(--wp--preset--spacing--30);padding-left:24px\">\n<p>El lugar perfecto para ir de vacaciones. Apartamento estupendo y una vista maravillosa.<\/p>\n\n\n\n<div class=\"wp-block-group is-nowrap is-layout-flex wp-container-core-group-is-layout-3b4e9d3e wp-block-group-is-layout-flex\">\n<figure class=\"wp-block-image aligncenter is-style-rounded\"><img loading=\"lazy\" decoding=\"async\" width=\"64\" height=\"64\" src=\"https:\/\/ferienwohnung-grancanaria.com\/wp-content\/uploads\/2024\/08\/c4edd2d47ef65ceb6e379731c2947a86594c7e16.jpg\" alt=\"\" class=\"wp-image-47\" style=\"aspect-ratio:1;object-fit:cover\"\/><\/figure>\n\n\n\n<div class=\"wp-block-group has-global-padding is-layout-constrained wp-block-group-is-layout-constrained\">\n<h4 class=\"wp-block-heading has-text-align-left has-small-font-size\">Felix W.<\/h4>\n<\/div>\n<\/div>\n<\/div>\n<\/div>\n\n\n\n<div class=\"wp-block-column has-tertiary-background-color has-background is-layout-flow wp-block-column-is-layout-flow\">\n<div class=\"wp-block-group has-global-padding is-layout-constrained wp-container-core-group-is-layout-24fca791 wp-block-group-is-layout-constrained\" style=\"padding-top:var(--wp--preset--spacing--30);padding-right:24px;padding-bottom:var(--wp--preset--spacing--30);padding-left:24px\">\n<p>Apartamento en Gran Canaria &#8211; Un lugar para enamorarse. \u00a1Aqu\u00ed todo es perfecto!<\/p>\n\n\n\n<div class=\"wp-block-group is-nowrap is-layout-flex wp-container-core-group-is-layout-3b4e9d3e wp-block-group-is-layout-flex\">\n<figure class=\"wp-block-image aligncenter is-style-rounded\"><img loading=\"lazy\" decoding=\"async\" width=\"64\" height=\"64\" src=\"https:\/\/ferienwohnung-grancanaria.com\/wp-content\/uploads\/2024\/08\/1fe8ae8069338e8a2770cc5eea182302d3558800.jpg\" alt=\"\" class=\"wp-image-48\" style=\"aspect-ratio:1;object-fit:cover\"\/><\/figure>\n\n\n\n<div class=\"wp-block-group has-global-padding is-layout-constrained wp-block-group-is-layout-constrained\">\n<h4 class=\"wp-block-heading has-text-align-left has-small-font-size\">Emma H.<\/h4>\n<\/div>\n<\/div>\n<\/div>\n<\/div>\n<\/div>\n<\/div>\n","protected":false},"excerpt":{"rendered":"<p>Reserve ahora sus vacaciones en Gran Canaria! Asegure su alojamiento de ensue\u00f1o en Playa del Cura con solo unos clics. Env\u00edenos su solicitud de reserva directamente aqu\u00ed o reserve nuestro apartamento a trav\u00e9s de airbnb. Estancia m\u00ednima: 3 noches. Rese\u00f1as de nuestros hu\u00e9spedes Lea lo que dicen nuestros hu\u00e9spedes sobre sus experiencias \u00fanicas en nuestro [&hellip;]<\/p>\n","protected":false},"author":1,"featured_media":0,"parent":0,"menu_order":0,"comment_status":"closed","ping_status":"closed","template":"no-title","meta":{"pgc_sgb_lightbox_settings":"","footnotes":""},"class_list":["post-14","page","type-page","status-publish","hentry"],"aioseo_notices":[],"_links":{"self":[{"href":"https:\/\/ferienwohnung-grancanaria.com\/es\/wp-json\/wp\/v2\/pages\/14","targetHints":{"allow":["GET"]}}],"collection":[{"href":"https:\/\/ferienwohnung-grancanaria.com\/es\/wp-json\/wp\/v2\/pages"}],"about":[{"href":"https:\/\/ferienwohnung-grancanaria.com\/es\/wp-json\/wp\/v2\/types\/page"}],"author":[{"embeddable":true,"href":"https:\/\/ferienwohnung-grancanaria.com\/es\/wp-json\/wp\/v2\/users\/1"}],"replies":[{"embeddable":true,"href":"https:\/\/ferienwohnung-grancanaria.com\/es\/wp-json\/wp\/v2\/comments?post=14"}],"version-history":[{"count":47,"href":"https:\/\/ferienwohnung-grancanaria.com\/es\/wp-json\/wp\/v2\/pages\/14\/revisions"}],"predecessor-version":[{"id":967,"href":"https:\/\/ferienwohnung-grancanaria.com\/es\/wp-json\/wp\/v2\/pages\/14\/revisions\/967"}],"wp:attachment":[{"href":"https:\/\/ferienwohnung-grancanaria.com\/es\/wp-json\/wp\/v2\/media?parent=14"}],"curies":[{"name":"wp","href":"https:\/\/api.w.org\/{rel}","templated":true}]}}

<div class="wp-block-group alignfull has-background-background-color has-background has-global-padding is-layout-constrained wp-block-group-is-layout-constrained" style="margin-top:0;margin-bottom:0;padding-top:0;padding-bottom:0">
<div class="wp-block-cover alignfull" style="padding-top:0;padding-right:var(--wp--preset--spacing--30);padding-bottom:0;padding-left:var(--wp--preset--spacing--30);min-height:50px;aspect-ratio:unset;"><span aria-hidden="true" class="wp-block-cover__background has-black-background-color has-background-dim-60 has-background-dim"></span><img loading="lazy" decoding="async" width="2256" height="1504" class="wp-block-cover__image-background wp-image-480" alt="" src="https://ferienwohnung-grancanaria.com/wp-content/uploads/2024/11/IMG_3677.jpg" data-object-fit="cover" srcset="https://ferienwohnung-grancanaria.com/wp-content/uploads/2024/11/IMG_3677.jpg 2256w, https://ferienwohnung-grancanaria.com/wp-content/uploads/2024/11/IMG_3677-300x200.jpg 300w, https://ferienwohnung-grancanaria.com/wp-content/uploads/2024/11/IMG_3677-1024x683.jpg 1024w, https://ferienwohnung-grancanaria.com/wp-content/uploads/2024/11/IMG_3677-150x100.jpg 150w, https://ferienwohnung-grancanaria.com/wp-content/uploads/2024/11/IMG_3677-768x512.jpg 768w, https://ferienwohnung-grancanaria.com/wp-content/uploads/2024/11/IMG_3677-1536x1024.jpg 1536w, https://ferienwohnung-grancanaria.com/wp-content/uploads/2024/11/IMG_3677-2048x1365.jpg 2048w" sizes="auto, (max-width: 2256px) 100vw, 2256px" /><div class="wp-block-cover__inner-container is-layout-flow wp-block-cover-is-layout-flow">
<div class="wp-block-group has-global-padding is-layout-constrained wp-block-group-is-layout-constrained" style="padding-top:var(--wp--preset--spacing--60);padding-bottom:var(--wp--preset--spacing--60)">
<h1 class="wp-block-heading alignwide has-text-align-left has-text-color has-x-large-font-size" style="color:#fffffffc">Reserva</h1>
</div>
</div></div>
</div>



<div class="wp-block-group alignfull has-tertiary-background-color has-background has-global-padding is-layout-constrained wp-container-core-group-is-layout-e452fef1 wp-block-group-is-layout-constrained" style="margin-top:0;margin-bottom:0;padding-top:var(--wp--preset--spacing--50);padding-right:var(--wp--preset--spacing--20);padding-bottom:var(--wp--preset--spacing--50);padding-left:var(--wp--preset--spacing--20)">
<div class="wp-block-group alignwide is-layout-flow wp-block-group-is-layout-flow">
<h2 class="wp-block-heading has-text-align-left has-large-font-size">Reserve ahora sus vacaciones en Gran Canaria!</h2>



<p class="has-text-align-left" style="margin-top:16px">Asegure su alojamiento de ensueño en Playa del Cura con solo unos clics.</p>



<p>Envíenos su solicitud de reserva directamente aquí o reserve nuestro apartamento a través de <a href="http://airbnb.de/h/Ferienwohnung-grancanaria" target="_blank" rel="noopener" title=""><strong>airbnb</strong></a>. <br><strong>Estancia mínima: 3 noches.</strong><br></p>



</div>
</div>



<div class="wp-block-group alignfull has-background-background-color has-background has-global-padding is-layout-constrained wp-container-core-group-is-layout-7276a2bb wp-block-group-is-layout-constrained" style="margin-top:0;margin-bottom:0;padding-top:var(--wp--preset--spacing--60);padding-right:var(--wp--preset--spacing--30);padding-bottom:var(--wp--preset--spacing--60);padding-left:var(--wp--preset--spacing--30)">
<div class="wp-block-group alignwide has-global-padding is-content-justification-left is-layout-constrained wp-container-core-group-is-layout-8b4c372c wp-block-group-is-layout-constrained">
<h2 class="wp-block-heading has-large-font-size">Reseñas de nuestros huéspedes</h2>



<p style="margin-top:16px">Lea lo que dicen nuestros huéspedes sobre sus experiencias únicas en nuestro apartamento totalmente equipado. La atención al detalle y la ubicación perfecta han encantado a nuestros clientes.</p>
</div>



<div class="wp-block-columns alignwide is-layout-flex wp-container-core-columns-is-layout-aee59796 wp-block-columns-is-layout-flex" style="margin-top:32px">
<div class="wp-block-column has-tertiary-background-color has-background is-layout-flow wp-block-column-is-layout-flow">
<div class="wp-block-group has-global-padding is-layout-constrained wp-container-core-group-is-layout-24fca791 wp-block-group-is-layout-constrained" style="padding-top:var(--wp--preset--spacing--30);padding-right:24px;padding-bottom:var(--wp--preset--spacing--30);padding-left:24px">
<p>Excelente complejo, ubicación ideal. A poca distancia de la playa, restaurantes y bares.</p>



<div class="wp-block-group is-nowrap is-layout-flex wp-container-core-group-is-layout-3b4e9d3e wp-block-group-is-layout-flex">
<figure class="wp-block-image aligncenter is-style-rounded"><img loading="lazy" decoding="async" width="64" height="64" src="https://ferienwohnung-grancanaria.com/wp-content/uploads/2024/08/4a71f64b1f55758349751a95c02ab73be353f75f.jpg" alt="" class="wp-image-46" style="aspect-ratio:1;object-fit:cover"/></figure>



<div class="wp-block-group has-global-padding is-layout-constrained wp-block-group-is-layout-constrained">
<h4 class="wp-block-heading has-text-align-left has-small-font-size">Sophie B.</h4>
</div>
</div>
</div>
</div>



<div class="wp-block-column has-tertiary-background-color has-background is-layout-flow wp-block-column-is-layout-flow">
<div class="wp-block-group has-global-padding is-layout-constrained wp-container-core-group-is-layout-24fca791 wp-block-group-is-layout-constrained" style="padding-top:var(--wp--preset--spacing--30);padding-right:24px;padding-bottom:var(--wp--preset--spacing--30);padding-left:24px">
<p>El lugar perfecto para ir de vacaciones. Apartamento estupendo y una vista maravillosa.</p>



<div class="wp-block-group is-nowrap is-layout-flex wp-container-core-group-is-layout-3b4e9d3e wp-block-group-is-layout-flex">
<figure class="wp-block-image aligncenter is-style-rounded"><img loading="lazy" decoding="async" width="64" height="64" src="https://ferienwohnung-grancanaria.com/wp-content/uploads/2024/08/c4edd2d47ef65ceb6e379731c2947a86594c7e16.jpg" alt="" class="wp-image-47" style="aspect-ratio:1;object-fit:cover"/></figure>



<div class="wp-block-group has-global-padding is-layout-constrained wp-block-group-is-layout-constrained">
<h4 class="wp-block-heading has-text-align-left has-small-font-size">Felix W.</h4>
</div>
</div>
</div>
</div>



<div class="wp-block-column has-tertiary-background-color has-background is-layout-flow wp-block-column-is-layout-flow">
<div class="wp-block-group has-global-padding is-layout-constrained wp-container-core-group-is-layout-24fca791 wp-block-group-is-layout-constrained" style="padding-top:var(--wp--preset--spacing--30);padding-right:24px;padding-bottom:var(--wp--preset--spacing--30);padding-left:24px">
<p>Apartamento en Gran Canaria &#8211; Un lugar para enamorarse. ¡Aquí todo es perfecto!</p>



<div class="wp-block-group is-nowrap is-layout-flex wp-container-core-group-is-layout-3b4e9d3e wp-block-group-is-layout-flex">
<figure class="wp-block-image aligncenter is-style-rounded"><img loading="lazy" decoding="async" width="64" height="64" src="https://ferienwohnung-grancanaria.com/wp-content/uploads/2024/08/1fe8ae8069338e8a2770cc5eea182302d3558800.jpg" alt="" class="wp-image-48" style="aspect-ratio:1;object-fit:cover"/></figure>



<div class="wp-block-group has-global-padding is-layout-constrained wp-block-group-is-layout-constrained">
<h4 class="wp-block-heading has-text-align-left has-small-font-size">Emma H.</h4>
</div>
</div>
</div>
</div>
</div>
</div>

<p>Reserve ahora sus vacaciones en Gran Canaria! Asegure su alojamiento de ensueño en Playa del Cura con solo unos clics. Envíenos su solicitud de reserva directamente aquí o reserve nuestro apartamento a través de airbnb. Estancia mínima: 3 noches. Reseñas de nuestros huéspedes Lea lo que dicen nuestros huéspedes sobre sus experiencias únicas en nuestro [&hellip;]</p>
