{"id":16,"date":"2024-08-09T13:42:58","date_gmt":"2024-08-09T13:42:58","guid":{"rendered":"https:\/\/ferienwohnung-grancanaria.com\/faq\/"},"modified":"2025-06-01T14:46:26","modified_gmt":"2025-06-01T12:46:26","slug":"faq","status":"publish","type":"page","link":"https:\/\/ferienwohnung-grancanaria.com\/de\/faq\/","title":{"rendered":"FAQ"},"content":{"rendered":"\n<div class=\"wp-block-group alignfull has-background-background-color has-background has-global-padding is-layout-constrained wp-block-group-is-layout-constrained\" style=\"margin-top:0;margin-bottom:0;padding-top:0;padding-bottom:0\">\n<div class=\"wp-block-cover alignfull\" style=\"padding-top:0;padding-right:var(--wp--preset--spacing--30);padding-bottom:0;padding-left:var(--wp--preset--spacing--30);min-height:50px;aspect-ratio:unset;\"><img loading=\"lazy\" decoding=\"async\" width=\"1024\" height=\"577\" class=\"wp-block-cover__image-background wp-image-976 size-large\" alt=\"\" src=\"https:\/\/ferienwohnung-grancanaria.com\/wp-content\/uploads\/2025\/06\/20250422_151841-1024x577.jpg\" data-object-fit=\"cover\" srcset=\"https:\/\/ferienwohnung-grancanaria.com\/wp-content\/uploads\/2025\/06\/20250422_151841-1024x577.jpg 1024w, https:\/\/ferienwohnung-grancanaria.com\/wp-content\/uploads\/2025\/06\/20250422_151841-300x169.jpg 300w, https:\/\/ferienwohnung-grancanaria.com\/wp-content\/uploads\/2025\/06\/20250422_151841-150x84.jpg 150w, https:\/\/ferienwohnung-grancanaria.com\/wp-content\/uploads\/2025\/06\/20250422_151841-768x432.jpg 768w, https:\/\/ferienwohnung-grancanaria.com\/wp-content\/uploads\/2025\/06\/20250422_151841-1536x865.jpg 1536w, https:\/\/ferienwohnung-grancanaria.com\/wp-content\/uploads\/2025\/06\/20250422_151841-2048x1153.jpg 2048w\" sizes=\"auto, (max-width: 1024px) 100vw, 1024px\" \/><span aria-hidden=\"true\" class=\"wp-block-cover__background has-black-background-color has-background-dim-60 has-background-dim\"><\/span><div class=\"wp-block-cover__inner-container is-layout-flow wp-block-cover-is-layout-flow\">\n<div class=\"wp-block-group has-global-padding is-layout-constrained wp-block-group-is-layout-constrained\" style=\"padding-top:var(--wp--preset--spacing--60);padding-bottom:var(--wp--preset--spacing--60)\">\n<h1 class=\"wp-block-heading alignwide has-text-align-left has-text-color has-x-large-font-size\" style=\"color:#fffffffc\">Fragen \/ Antworten<\/h1>\n<\/div>\n<\/div><\/div>\n<\/div>\n\n\n\n<div class=\"wp-block-group alignfull has-tertiary-background-color has-background has-global-padding is-layout-constrained wp-container-core-group-is-layout-7276a2bb wp-block-group-is-layout-constrained\" style=\"margin-top:0;margin-bottom:0;padding-top:var(--wp--preset--spacing--60);padding-right:var(--wp--preset--spacing--30);padding-bottom:var(--wp--preset--spacing--60);padding-left:var(--wp--preset--spacing--30)\">\n<div class=\"wp-block-columns alignwide is-layout-flex wp-container-core-columns-is-layout-714d85e9 wp-block-columns-is-layout-flex\">\n<div class=\"wp-block-column is-layout-flow wp-block-column-is-layout-flow\" style=\"flex-basis:33.33%\">\n<h2 class=\"wp-block-heading has-text-align-left has-large-font-size\">Wie k\u00f6nnen wir Ihnen helfen?<\/h2>\n\n\n\n<p class=\"has-text-align-left\" style=\"margin-top:16px\">Erfahren Sie alles \u00fcber Ihren unvergesslichen Gran Canaria Urlaub: Von unserer modernen Ferienwohnung in atemberaubender Natur bis hin zu unserer erstklassigen Ausstattung f\u00fcr ein unvergleichliches Erlebnis.<\/p>\n\n\n\n<p>Bei weiteren Fragen k\u00f6nnen Sie uns gerne kontaktieren.<\/p>\n\n\n\n<p><a href=\"mailto:info@ferienwohnung-grancanaria.com\" target=\"_blank\" rel=\"noopener\" title=\"\">info@ferienwohnung-grancanaria.com<\/a><\/p>\n\n\n\n<p><\/p>\n\n\n\n<div class=\"wp-block-buttons is-content-justification-left is-layout-flex wp-container-core-buttons-is-layout-ec155617 wp-block-buttons-is-layout-flex\" style=\"margin-top:var(--wp--preset--spacing--40)\">\n<div class=\"wp-block-button\"><a class=\"wp-block-button__link wp-element-button\" href=\"\/buchung\">Buchen Sie jetzt<\/a><\/div>\n<\/div>\n<\/div>\n\n\n\n<div class=\"wp-block-column is-layout-flow wp-block-column-is-layout-flow\" style=\"flex-basis:66.66%\">\n<div class=\"wp-block-group is-layout-flow wp-block-group-is-layout-flow\" style=\"border-bottom-color:var(--wp--preset--color--tertiary);border-bottom-width:1px;margin-top:0;padding-top:0;padding-bottom:var(--wp--preset--spacing--30)\">\n<h4 class=\"wp-block-heading has-medium-font-size\">Wie komme ich zur Ferienwohnung?<\/h4>\n\n\n\n<p class=\"has-small-font-size\" style=\"margin-top:12px\">In 200m Entfernung gibt es die Bushaltestelle &#8222;Playa del Cura&#8220;. Die Buslinie 91 &#038; 90 f\u00e4hrt von \/ bis Flughafen LPA tgl. von 6-21 Uhr (ca. 6,35\u20ac einfaches Ticket). Bitte informieren Sie sich im Vorfeld. Alternativ k\u00f6nnen Sie unsere Unterkunft mit einem Mietwagen oder Taxi sehr gut erreichen (ca.35 Minuten).<\/p>\n\n\n\n<p class=\"has-small-font-size\" style=\"margin-top:12px\">Adresse: <a href=\"https:\/\/maps.app.goo.gl\/aq4TYHhE1q7o3btx5\" target=\"_blank\" rel=\"noopener\" title=\"\">C. Petrel 4, 35138 Mog\u00e1n, Las Palmas, Spanien<\/a><\/p>\n\n\n\n<h4 class=\"wp-block-heading has-medium-font-size\">Welche Art von Unterkunft bieten Sie an?<\/h4>\n\n\n\n<p class=\"has-small-font-size\" style=\"margin-top:12px\">Wir bieten eine einzigartige, voll ausgestattete Ferienwohnung f\u00fcr 1-4 Personen an. <\/p>\n<\/div>\n\n\n\n<div class=\"wp-block-group is-layout-flow wp-block-group-is-layout-flow\" style=\"border-bottom-color:var(--wp--preset--color--tertiary);border-bottom-width:1px;margin-top:0;padding-top:var(--wp--preset--spacing--30);padding-bottom:var(--wp--preset--spacing--30)\">\n<h4 class=\"wp-block-heading has-medium-font-size\">Gibt es besondere Annehmlichkeiten in der Ferienwohnung?<\/h4>\n\n\n\n<p class=\"has-small-font-size\" style=\"margin-top:12px\">Ja, unsere Ferienwohnung bietet exklusive Annehmlichkeiten f\u00fcr Ihren Komfort. Neben der Klimaanlage bieten wir Ihnen einen Glasfaseranschluss 408 Mbp\/s mit Wlan und Internationalen Smart-TV an. Eine voll ausgestattete K\u00fcche mit Geschirrsp\u00fcler, K\u00fchlschrank mit Gefrierfach, extra Gefrierschrank, Wasserkocher, Kaffeemaschine, Kapselmaschine (Dolce Gusto), Toaster, Mikrowelle, Induktionskochfeld und Backofen l\u00e4sst keine W\u00fcnsche offen. Im Badezimmer stehen Ihnen eine Ger\u00e4umige Dusche, eine Waschmaschine sowie ein F\u00f6hn zur Verf\u00fcgung. Kostenlose Parkm\u00f6glichkeiten sind auf der Stra\u00dfe vorhanden.<\/p>\n<\/div>\n\n\n\n<div class=\"wp-block-group is-layout-flow wp-block-group-is-layout-flow\" style=\"border-bottom-color:var(--wp--preset--color--tertiary);border-bottom-width:1px;margin-top:0;padding-top:var(--wp--preset--spacing--30);padding-bottom:var(--wp--preset--spacing--30)\">\n<h4 class=\"wp-block-heading has-medium-font-size\">Wie sind die Hausregeln?<\/h4>\n\n\n\n<ul class=\"wp-block-list\">\n<li class=\"has-small-font-size\">Nachtruhe von 22:00 Uhr bis 08:00 Uhr<\/li>\n\n\n\n<li class=\"has-small-font-size\">Der gesamte Au\u00dfenbereich vom Komplex ist ein Nichtraucherbereich<\/li>\n\n\n\n<li class=\"has-small-font-size\">Der gesamte Innenbereich des Apartments ist Nichtraucherbereich<\/li>\n\n\n\n<li class=\"has-small-font-size\">Haustiere nur mit Zustimmung der Vermieters erlaubt<\/li>\n\n\n\n<li class=\"has-small-font-size\">Partys und Veranstaltungen sind nicht erlaubt<\/li>\n<\/ul>\n<\/div>\n\n\n\n<div class=\"wp-block-group is-layout-flow wp-block-group-is-layout-flow\" style=\"border-bottom-color:var(--wp--preset--color--tertiary);border-bottom-width:1px;margin-top:0;padding-top:var(--wp--preset--spacing--30);padding-bottom:var(--wp--preset--spacing--30)\">\n<h4 class=\"wp-block-heading has-medium-font-size\"><strong>Was brauche ich f\u00fcr meinen Tag am Strand?<\/strong><\/h4>\n\n\n\n<p class=\"has-small-font-size\" style=\"margin-top:12px\">Wir haben f\u00fcr Sie einen Sonnenschirm, K\u00fchlbox, Strandt\u00fccher und eine kleine Auswahl an Buddelspielzeug usw. bereit gelegt.<\/p>\n<\/div>\n\n\n\n<div class=\"wp-block-group is-layout-flow wp-block-group-is-layout-flow\" style=\"border-bottom-color:var(--wp--preset--color--tertiary);border-bottom-width:1px;margin-top:0;padding-top:var(--wp--preset--spacing--30);padding-bottom:var(--wp--preset--spacing--30)\">\n<h4 class=\"wp-block-heading has-medium-font-size\">Wie funktioniert Check-in \/ Check-out?<\/h4>\n\n\n\n<p class=\"has-small-font-size\" style=\"margin-top:12px\">Check-in ist ab 15.00 Uhr am Anreisetag kontaktlos \u00fcber einen Schl\u00fcsseltresor m\u00f6glich. Der Standort und Code wird Ihnen ca. 48 Stunden vor Anreise mitgeteilt.<\/p>\n\n\n\n<p class=\"has-small-font-size\" style=\"margin-top:12px\">Check-out ist am Abreisetag bis 11.00 Uhr \u00fcber den Schl\u00fcsseltresor zu erfolgen<\/p>\n<\/div>\n\n\n\n<div class=\"wp-block-group is-layout-flow wp-block-group-is-layout-flow\" style=\"margin-top:0;padding-top:var(--wp--preset--spacing--30);padding-bottom:0\">\n<h4 class=\"wp-block-heading has-medium-font-size\">Was kann ich zu Hause lassen?<\/h4>\n\n\n\n<p class=\"has-small-font-size\" style=\"margin-top:12px\">Sie bekommen Bettw\u00e4sche, Handt\u00fccher, Strandlaken, F\u00f6hn, B\u00fcgeleisen, B\u00fcgelbrett und Geschirrhandtuch kostenlos von uns gestellt.<\/p>\n\n\n\n<h4 class=\"wp-block-heading has-medium-font-size\">Wie kann ich eine Buchung vornehmen?<\/h4>\n\n\n\n<p class=\"has-small-font-size\" style=\"margin-top:12px\">Sie k\u00f6nnen ganz einfach online \u00fcber unsere Website oder airbnb eine Buchung vornehmen.<\/p>\n<\/div>\n<\/div>\n<\/div>\n\n\n\n<p><\/p>\n<\/div>\n","protected":false},"excerpt":{"rendered":"<p>Wie k\u00f6nnen wir Ihnen helfen? Erfahren Sie alles \u00fcber Ihren unvergesslichen Gran Canaria Urlaub: Von unserer modernen Ferienwohnung in atemberaubender Natur bis hin zu unserer erstklassigen Ausstattung f\u00fcr ein unvergleichliches Erlebnis. Bei weiteren Fragen k\u00f6nnen Sie uns gerne kontaktieren. info@ferienwohnung-grancanaria.com Wie komme ich zur Ferienwohnung? In 200m Entfernung gibt es die Bushaltestelle &#8222;Playa del Cura&#8220;. [&hellip;]<\/p>\n","protected":false},"author":1,"featured_media":0,"parent":0,"menu_order":0,"comment_status":"closed","ping_status":"closed","template":"no-title","meta":{"pgc_sgb_lightbox_settings":"","footnotes":""},"class_list":["post-16","page","type-page","status-publish","hentry"],"aioseo_notices":[],"_links":{"self":[{"href":"https:\/\/ferienwohnung-grancanaria.com\/de\/wp-json\/wp\/v2\/pages\/16","targetHints":{"allow":["GET"]}}],"collection":[{"href":"https:\/\/ferienwohnung-grancanaria.com\/de\/wp-json\/wp\/v2\/pages"}],"about":[{"href":"https:\/\/ferienwohnung-grancanaria.com\/de\/wp-json\/wp\/v2\/types\/page"}],"author":[{"embeddable":true,"href":"https:\/\/ferienwohnung-grancanaria.com\/de\/wp-json\/wp\/v2\/users\/1"}],"replies":[{"embeddable":true,"href":"https:\/\/ferienwohnung-grancanaria.com\/de\/wp-json\/wp\/v2\/comments?post=16"}],"version-history":[{"count":30,"href":"https:\/\/ferienwohnung-grancanaria.com\/de\/wp-json\/wp\/v2\/pages\/16\/revisions"}],"predecessor-version":[{"id":1009,"href":"https:\/\/ferienwohnung-grancanaria.com\/de\/wp-json\/wp\/v2\/pages\/16\/revisions\/1009"}],"wp:attachment":[{"href":"https:\/\/ferienwohnung-grancanaria.com\/de\/wp-json\/wp\/v2\/media?parent=16"}],"curies":[{"name":"wp","href":"https:\/\/api.w.org\/{rel}","templated":true}]}}

<div class="wp-block-group alignfull has-background-background-color has-background has-global-padding is-layout-constrained wp-block-group-is-layout-constrained" style="margin-top:0;margin-bottom:0;padding-top:0;padding-bottom:0">
<div class="wp-block-cover alignfull" style="padding-top:0;padding-right:var(--wp--preset--spacing--30);padding-bottom:0;padding-left:var(--wp--preset--spacing--30);min-height:50px;aspect-ratio:unset;"><img loading="lazy" decoding="async" width="1024" height="577" class="wp-block-cover__image-background wp-image-976 size-large" alt="" src="https://ferienwohnung-grancanaria.com/wp-content/uploads/2025/06/20250422_151841-1024x577.jpg" data-object-fit="cover" srcset="https://ferienwohnung-grancanaria.com/wp-content/uploads/2025/06/20250422_151841-1024x577.jpg 1024w, https://ferienwohnung-grancanaria.com/wp-content/uploads/2025/06/20250422_151841-300x169.jpg 300w, https://ferienwohnung-grancanaria.com/wp-content/uploads/2025/06/20250422_151841-150x84.jpg 150w, https://ferienwohnung-grancanaria.com/wp-content/uploads/2025/06/20250422_151841-768x432.jpg 768w, https://ferienwohnung-grancanaria.com/wp-content/uploads/2025/06/20250422_151841-1536x865.jpg 1536w, https://ferienwohnung-grancanaria.com/wp-content/uploads/2025/06/20250422_151841-2048x1153.jpg 2048w" sizes="auto, (max-width: 1024px) 100vw, 1024px" /><span aria-hidden="true" class="wp-block-cover__background has-black-background-color has-background-dim-60 has-background-dim"></span><div class="wp-block-cover__inner-container is-layout-flow wp-block-cover-is-layout-flow">
<div class="wp-block-group has-global-padding is-layout-constrained wp-block-group-is-layout-constrained" style="padding-top:var(--wp--preset--spacing--60);padding-bottom:var(--wp--preset--spacing--60)">
<h1 class="wp-block-heading alignwide has-text-align-left has-text-color has-x-large-font-size" style="color:#fffffffc">Fragen / Antworten</h1>
</div>
</div></div>
</div>



<div class="wp-block-group alignfull has-tertiary-background-color has-background has-global-padding is-layout-constrained wp-container-core-group-is-layout-7276a2bb wp-block-group-is-layout-constrained" style="margin-top:0;margin-bottom:0;padding-top:var(--wp--preset--spacing--60);padding-right:var(--wp--preset--spacing--30);padding-bottom:var(--wp--preset--spacing--60);padding-left:var(--wp--preset--spacing--30)">
<div class="wp-block-columns alignwide is-layout-flex wp-container-core-columns-is-layout-714d85e9 wp-block-columns-is-layout-flex">
<div class="wp-block-column is-layout-flow wp-block-column-is-layout-flow" style="flex-basis:33.33%">
<h2 class="wp-block-heading has-text-align-left has-large-font-size">Wie können wir Ihnen helfen?</h2>



<p class="has-text-align-left" style="margin-top:16px">Erfahren Sie alles über Ihren unvergesslichen Gran Canaria Urlaub: Von unserer modernen Ferienwohnung in atemberaubender Natur bis hin zu unserer erstklassigen Ausstattung für ein unvergleichliches Erlebnis.</p>



<p>Bei weiteren Fragen können Sie uns gerne kontaktieren.</p>



<p><a href="mailto:info@ferienwohnung-grancanaria.com" target="_blank" rel="noopener" title="">info@ferienwohnung-grancanaria.com</a></p>



<p></p>



<div class="wp-block-buttons is-content-justification-left is-layout-flex wp-container-core-buttons-is-layout-ec155617 wp-block-buttons-is-layout-flex" style="margin-top:var(--wp--preset--spacing--40)">
<div class="wp-block-button"><a class="wp-block-button__link wp-element-button" href="/buchung">Buchen Sie jetzt</a></div>
</div>
</div>



<div class="wp-block-column is-layout-flow wp-block-column-is-layout-flow" style="flex-basis:66.66%">
<div class="wp-block-group is-layout-flow wp-block-group-is-layout-flow" style="border-bottom-color:var(--wp--preset--color--tertiary);border-bottom-width:1px;margin-top:0;padding-top:0;padding-bottom:var(--wp--preset--spacing--30)">
<h4 class="wp-block-heading has-medium-font-size">Wie komme ich zur Ferienwohnung?</h4>



<p class="has-small-font-size" style="margin-top:12px">In 200m Entfernung gibt es die Bushaltestelle &#8222;Playa del Cura&#8220;. Die Buslinie 91 &#038; 90 fährt von / bis Flughafen LPA tgl. von 6-21 Uhr (ca. 6,35€ einfaches Ticket). Bitte informieren Sie sich im Vorfeld. Alternativ können Sie unsere Unterkunft mit einem Mietwagen oder Taxi sehr gut erreichen (ca.35 Minuten).</p>



<p class="has-small-font-size" style="margin-top:12px">Adresse: <a href="https://maps.app.goo.gl/aq4TYHhE1q7o3btx5" target="_blank" rel="noopener" title="">C. Petrel 4, 35138 Mogán, Las Palmas, Spanien</a></p>



<h4 class="wp-block-heading has-medium-font-size">Welche Art von Unterkunft bieten Sie an?</h4>



<p class="has-small-font-size" style="margin-top:12px">Wir bieten eine einzigartige, voll ausgestattete Ferienwohnung für 1-4 Personen an. </p>
</div>



<div class="wp-block-group is-layout-flow wp-block-group-is-layout-flow" style="border-bottom-color:var(--wp--preset--color--tertiary);border-bottom-width:1px;margin-top:0;padding-top:var(--wp--preset--spacing--30);padding-bottom:var(--wp--preset--spacing--30)">
<h4 class="wp-block-heading has-medium-font-size">Gibt es besondere Annehmlichkeiten in der Ferienwohnung?</h4>



<p class="has-small-font-size" style="margin-top:12px">Ja, unsere Ferienwohnung bietet exklusive Annehmlichkeiten für Ihren Komfort. Neben der Klimaanlage bieten wir Ihnen einen Glasfaseranschluss 408 Mbp/s mit Wlan und Internationalen Smart-TV an. Eine voll ausgestattete Küche mit Geschirrspüler, Kühlschrank mit Gefrierfach, extra Gefrierschrank, Wasserkocher, Kaffeemaschine, Kapselmaschine (Dolce Gusto), Toaster, Mikrowelle, Induktionskochfeld und Backofen lässt keine Wünsche offen. Im Badezimmer stehen Ihnen eine Geräumige Dusche, eine Waschmaschine sowie ein Föhn zur Verfügung. Kostenlose Parkmöglichkeiten sind auf der Straße vorhanden.</p>
</div>



<div class="wp-block-group is-layout-flow wp-block-group-is-layout-flow" style="border-bottom-color:var(--wp--preset--color--tertiary);border-bottom-width:1px;margin-top:0;padding-top:var(--wp--preset--spacing--30);padding-bottom:var(--wp--preset--spacing--30)">
<h4 class="wp-block-heading has-medium-font-size">Wie sind die Hausregeln?</h4>



<ul class="wp-block-list">
<li class="has-small-font-size">Nachtruhe von 22:00 Uhr bis 08:00 Uhr</li>



<li class="has-small-font-size">Der gesamte Außenbereich vom Komplex ist ein Nichtraucherbereich</li>



<li class="has-small-font-size">Der gesamte Innenbereich des Apartments ist Nichtraucherbereich</li>



<li class="has-small-font-size">Haustiere nur mit Zustimmung der Vermieters erlaubt</li>



<li class="has-small-font-size">Partys und Veranstaltungen sind nicht erlaubt</li>
</ul>
</div>



<div class="wp-block-group is-layout-flow wp-block-group-is-layout-flow" style="border-bottom-color:var(--wp--preset--color--tertiary);border-bottom-width:1px;margin-top:0;padding-top:var(--wp--preset--spacing--30);padding-bottom:var(--wp--preset--spacing--30)">
<h4 class="wp-block-heading has-medium-font-size"><strong>Was brauche ich für meinen Tag am Strand?</strong></h4>



<p class="has-small-font-size" style="margin-top:12px">Wir haben für Sie einen Sonnenschirm, Kühlbox, Strandtücher und eine kleine Auswahl an Buddelspielzeug usw. bereit gelegt.</p>
</div>



<div class="wp-block-group is-layout-flow wp-block-group-is-layout-flow" style="border-bottom-color:var(--wp--preset--color--tertiary);border-bottom-width:1px;margin-top:0;padding-top:var(--wp--preset--spacing--30);padding-bottom:var(--wp--preset--spacing--30)">
<h4 class="wp-block-heading has-medium-font-size">Wie funktioniert Check-in / Check-out?</h4>



<p class="has-small-font-size" style="margin-top:12px">Check-in ist ab 15.00 Uhr am Anreisetag kontaktlos über einen Schlüsseltresor möglich. Der Standort und Code wird Ihnen ca. 48 Stunden vor Anreise mitgeteilt.</p>



<p class="has-small-font-size" style="margin-top:12px">Check-out ist am Abreisetag bis 11.00 Uhr über den Schlüsseltresor zu erfolgen</p>
</div>



<div class="wp-block-group is-layout-flow wp-block-group-is-layout-flow" style="margin-top:0;padding-top:var(--wp--preset--spacing--30);padding-bottom:0">
<h4 class="wp-block-heading has-medium-font-size">Was kann ich zu Hause lassen?</h4>



<p class="has-small-font-size" style="margin-top:12px">Sie bekommen Bettwäsche, Handtücher, Strandlaken, Föhn, Bügeleisen, Bügelbrett und Geschirrhandtuch kostenlos von uns gestellt.</p>



<h4 class="wp-block-heading has-medium-font-size">Wie kann ich eine Buchung vornehmen?</h4>



<p class="has-small-font-size" style="margin-top:12px">Sie können ganz einfach online über unsere Website oder airbnb eine Buchung vornehmen.</p>
</div>
</div>
</div>



<p></p>
</div>

<p>Wie können wir Ihnen helfen? Erfahren Sie alles über Ihren unvergesslichen Gran Canaria Urlaub: Von unserer modernen Ferienwohnung in atemberaubender Natur bis hin zu unserer erstklassigen Ausstattung für ein unvergleichliches Erlebnis. Bei weiteren Fragen können Sie uns gerne kontaktieren. info@ferienwohnung-grancanaria.com Wie komme ich zur Ferienwohnung? In 200m Entfernung gibt es die Bushaltestelle &#8222;Playa del Cura&#8220;. [&hellip;]</p>
